. Let j be d(6). Give y(j).
13
Let i(z) = 3*z**3 + 3*z**2 + 4*z + 2. Let v = -7744 - -7743. Give i(v).
-2
Let q be (6/(-4))/((-9)/48). Let j be 728/(-520) - 104/(-10). Let p(r) = -r + q*r + 4 - j*r. Give p(-3).
10
Let j(x) = x**3 + 0*x**2 + 13*x**2 - 4*x**2 + 22*x - 23*x - 9. Suppose 41 = -4*r - i, -5*i + 2 = 5*r + 72. Give j(r).
0
Let b(i) = 7*i - 5*i**2 + 22*i - 15*i - 9*i**2 + 2*i - 30 + i**3. What is b(13)?
9
Let z(m) = -7*m - 271. Let w(s) = 6*s + 223. Let n(r) = -6*w(r) - 5*z(r). What is n(-5)?
22
Let z be (-1)/(-1 + (-150)/(-145)). Let r be z - (3 + 6*-1). Let v be r/4 + (-14)/(-28). Let a(n) = -n + 7. Calculate a(v).
13
Let y be 2/(4/(-8)*2 + 2). Let z(g) = 4*g - 5*g**y - 1 + 8*g**2 - 4 - g**2 + 2. Calculate z(-4).
13
Let o(w) = 69*w - 345. Let j(l) = 2*l - 15. Let p(t) = 23*j(t) - o(t). What is p(-3)?
69
Suppose -5*q - 3*r - 3 = 0, -2*q + 3*r + 3 = -0*q. Let n(i) be the first derivative of -i**3/3 - i**2 - 4*i - 1. Calculate n(q).
-4
Let o(f) = f**3 + 2*f**2 - 3*f - 3. Let y = 9 - 0. Let z = -47 + 47. Suppose z = i + 2*i + y. Determine o(i).
-3
Suppose 4*u - 7*u + 6 = 0. Suppose -2*x = u*x - 8. Suppose -3*l + x*c + 16 = 0, 0 = -2*c - 3*c + 5. Let y(z) = z**2 - 3*z - 8. Give y(l).
10
Let f(h) = 3*h**2 + 5*h + 1. Let w(l) = -2*l**2 - 4*l - 1. Let n(m) = -3*f(m) - 4*w(m). Let d(g) = -4*g**2 + 10. Let k(t) = -d(t) + 5*n(t). Determine k(4).
-1
Let s(f) = 5*f**2 + f. Let o(c) = 2*c + 4. Let g be (1/(-2))/(15/390). Let k be o(g). Let l be k/18 + 10/45. Calculate s(l).
4
Suppose 3*c = s + 6*c, 4*s + 11 = -c. Let j(l) = -4*l**3 + 6*l**2 - 5*l. Let z(i) = -3*i**3 + 6*i**2 - 4*i - 1. Let b(q) = s*z(q) + 2*j(q). Calculate b(3).
-18
Let l(r) = 7*r**2 + r + 1. Let t be -4 - (-26)/6*3 - 1. Suppose 17*n - 19*n = t, -v + 3 = -n. Calculate l(v).
7
Let t(m) = -7*m**2 + 21*m + 125. Let a(b) = -6*b**2 + 20*b + 125. Let z(c) = -6*a(c) + 5*t(c). Let p(r) be the first derivative of z(r). Calculate p(0).
-15
Let n(j) be the first derivative of 195 - 24*j + 18*j + 16*j**2 - 15*j**2. Give n(8).
10
Suppose -2*o - 124 = 4*c, -4*c + 296 = -4*o - o. Let m = o + 49. Let i(q) = q**2 + 10*q - 8. Calculate i(m).
3
Let f(r) = -2*r**2 - 7*r - 16. Let g = -37356 - -37345. Calculate f(g).
-181
Suppose 0*s = 4*s - 8. Suppose -5*u - 31 = 4*o, -3*u + s*o = o + 5. Let x(l) = -3344 + 3348 - 10*l + 9*l. What is x(u)?
7
Let y(m) = -9*m**2 - 52*m - 4. Let i(c) = -17*c**2 - 99*c - 10. Let u(w) = -6*i(w) + 11*y(w). What is u(-7)?
9
Suppose 26 - 4186 = -10*y. Let b = y + -410. Let l(i) = -3*i + 4. Determine l(b).
-14
Let i(j) be the first derivative of j**4/4 - 3*j**3 + 13*j**2/2 - 12*j - 3236. Let w(o) = -3*o - 4. Let v be w(-4). What is i(v)?
28
Let q(o) = 9*o**2 + 125*o - 11. Let a(l) = 2*l**3 - 30*l**2 + 47*l + 51. Let s be a(13). Determine q(s).
3
Let o(s) = s**3 - 4*s**2 + s. Let c(w) = -w**2 + 3*w + 3. Let b be c(3). Let g = -1590 + 1593. Suppose -g*k + 9 = -b. Calculate o(k).
4
Let q(v) = v**2 + 10*v - 7. Let z(r) = -6*r - 48. Let i be z(-4). Let h be ((-60)/i)/(2/(-8)). What is q(h)?
-7
Suppose 0 = -5*l + 2*s + 2*s - 109, 0 = 5*l + 2*s + 103. Let k(t) = -t**3 - 20*t**2 + 20*t + 14. What is k(l)?
35
Let x(w) = -2*w**2 + w + 2. Suppose -u + 263 = 11*r - 13*r, 3*u = 9. Let d = r - -134. Determine x(d).
-26
Let q be 4 - 5 - 4 - 2. Let t(d) = d**3 + 3*d**2 - 10*d + 5. Let p(c) = c**3 + 2*c**2 - 11*c + 6. Let j(y) = 3*p(y) - 4*t(y). What is j(q)?
-2
Suppose -30*z = -17 - 43. Let h(i) = -6*i**2 + 3*i + 4 - 3*i - 3*i + 10*i**2 - 2*i**z. Let o = 11 + -8. Determine h(o).
13
Let p(i) = i. Suppose -2*t + 4 = -4*t, 3*t - 12 = 3*b. Let k(c) = -9*c - 54. Let v be k(b). Give p(v).
0
Let r be (-12)/8*(-30*1 + -4). Let f = 45 - r. Let d(s) = s**3 + 6*s**2 + 5*s + 7. What is d(f)?
-23
Let c(x) = -x**2 + 4. Suppose -g + 9*g = 8. Suppose 4*a + r - g = 10, 2*a - 3 = -r. Calculate c(a).
-12
Let n = 7 - 0. Let v(i) = n + i**2 - 4 - 9*i + 4. Let k be 1*(31 + -33 - (-9 + 0)). Give v(k).
-7
Suppose 47*i - 69*i + 891 = 77*i. Let f(p) = p**2 - 13*p + 31. Calculate f(i).
-5
Let b be 654/1744 + 67/(-8). Let a(s) be the second derivative of s**4/12 + 5*s**3/3 + 9*s**2/2 + 11*s. Give a(b).
-7
Suppose 5*k = -5*n - 5, 14 = 4*k + n + 9. Let t(s) be the second derivative of -s**5/10 + s**4/6 - s**3/3 + 3*s**2/2 - 7*s - 6. Give t(k).
-9
Let c(k) = k**2 + 11*k + 10. Let s = -372 - -374. Suppose -s*d - 5*p - 11 = 0, -12 - 32 = 5*d - 4*p. Calculate c(d).
-14
Suppose -5*r = 25, 2*n = -3*r - 2*r - 23. Let f be ((-1)/((-6)/8))/(10/15). Let p(y) = -6*y - f*y - n + 7*y. Calculate p(1).
-2
Let a(i) = -3*i - 1. Let r(s) = 3*s**3 - 4*s**2 + 5*s - 3. Let b be r(2). Suppose -176 = -7*f - b*f. Determine a(f).
-25
Let c = -86 + 80. Let j(g) be the third derivative of -7/6*g**3 + 0*g - 2*g**2 + 0 + 1/10*g**5 + 1/120*g**6 + 0*g**4. Calculate j(c).
-7
Let l(h) = -h**2 - 6897*h + 6895*h - 2 - 4 + 4. Let s be -1 + (-1)/1 + -1. What is l(s)?
-5
Let u(i) = -315*i - 20 - 13*i**2 - 2*i**3 - 4*i**2 + 641*i - 318*i. Give u(-9).
-11
Let q(r) = r**2 + 2*r - 15. Suppose 0 = -118*h + 119*h + 7. What is q(h)?
20
Let a be ((-4)/((-12)/9))/(6/(-8)). Let b(c) = -8*c - 29. Let g be b(a). Let s(t) = -6*t + g*t + 8*t - 6*t. Determine s(0).
0
Suppose -3*q + 3*j = -39, q - 2*j = 6*q - 37. Suppose 0 = q*r - r - 40. Suppose 5*w = r*f + 25, 2*w + 2 + 0 = 0. Let k(n) = n**2 + 6*n + 2. What is k(f)?
2
Suppose 120 + 1185 = 29*k. Let f(w) = 3*w**2 - 134*w - 54. Give f(k).
-9
Let h(o) = -o**3 - 4*o + 3. Let q be 153/(-36) - (-20)/16. Let p be q/(-12)*22*(-24)/(-66). What is h(p)?
-13
Let j be (-4 + (-28)/(-6))/(1/36). Let k(s) = 3*s - j + s + 8 + s**2 + 15. Determine k(-5).
4
Let c = 5 + 11. Suppose 4 - c = -6*o. Let f be ((-28)/(-21))/(-1*o/6). Let u(s) = s**3 + 4*s**2 - 4. Determine u(f).
-4
Let f(i) = 18*i - 98. Let c be f(17). Let u(r) = c*r - 201*r + 3*r**2 - 2*r**2 - 3. Suppose 3*a - 2*x - x + 15 = 0, 4*a + 2*x + 26 = 0. What is u(a)?
-9
Let d be 2/4 + 4 + (-6)/(-4). Suppose -d*z = -2*z + 36. Let h(u) = 4 - 10 - 1 - u. What is h(z)?
2
Let f(c) = -37*c + 11. Let r(v) = -25*v + 10. Let b(u) = 2*f(u) - 3*r(u). Calculate b(0).
-8
Let k(s) = -s**3 + s**2 + 12. Let z(w) = 2*w**2 + 16*w + 5. Let c be z(-8). Suppose 0 = -c*p + 242 - 717. Let y = p - -95. What is k(y)?
12
Let h(a) be the first derivative of -61 - 12*a + 13/2*a**2 - 1/3*a**3. What is h(12)?
0
Suppose 2394 = 3*g + 81. Let d = -771 + g. Let k(i) = -i - 5. What is k(d)?
-5
Let o(j) = -j**3 + j**2 + j + 4. Let f = -72 + 79. Suppose 41 = i - f. Let u = 51 - i. What is o(u)?
-11
Let x(c) = -c**2 + 10*c - 8. Let p be x(8). Let w(y) = y**2 + y + 24. Let l be w(p). Let j be (l/(-18))/((-4)/6). Let u(i) = -i**2 + 7*i + 11. Give u(j).
3
Let w(m) = 6*m. Let q(c) = -c**3 - 13*c**2 - 32*c - 20. Let d be q(-10). Let o be (-5)/(15/6) + (d - -1). Give w(o).
-6
Let k(s) = -2*s**2 - 2*s - 1. Let d(j) = -2*j**2 - 76*j - 10. Let t be d(-38). Calculate k(t).
-181
Let d(j) = 179*j - 594. Let r(n) = -181*n + 586. Let k(v) = 3*d(v) + 4*r(v). Give k(3).
1
Suppose -2*s = -0*s + 5*m - 12, 2*s = -2*m. Let t be (-4)/s*((-5)/1 - -6). Let i(q) = 26*q**3 + 2*q**2 - q. What is i(t)?
27
Suppose 0*p - 4*p = 132. Let j = -2085 + 2109. Let m = p + j. Let z(x) = -x**3 - 10*x**2 - 8*x + 6. Calculate z(m).
-3
Suppose -2*k + 21 = -3*n, 4*n - 3*n = -5*k + 10. Let x(d) = -200 - d - d**k - 4*d + 200 + d**2 + 4*d. Give x(2).
-6
Let a(u) = 350*u + 2460. Let f be a(-7). Let m(z) = -12*z**2 - 6*z - 14 + z**3 + 3*z**2 - 2*z. Calculate m(f).
6
Let k(o) = 81*o**2 - 4*o. Let c(r) = 203*r**2 - 8*r + 1. Let i(q) = -2*c(q) + 5*k(q). Calculate i(-2).
2
Let p be (-10)/(-6) - 7/(-21). Suppose -p*d - 4 + 12 = 3*f, 5*d - 20 = -f. Let x(o) be the first derivative of o**3/3 + o - 1. Determine x(d).
17
Let h(y) be the first derivative of -y**4/4 - 4*y - 13. Let v be h(-2). Let j(w) = -5*w - 1. What is j(v)?
-21
Let p be 6/(-9) - (-44)/12. Let b(r) = -3 - p + r + 0 + 11. Suppose -6 - 2 = -4*q - 4*o, 2*q = -3*o + 2. Determine b(q).
9
Suppose 0 = 3*u + 4*m + 34, u + 5 = -2*m - 5. Let x(i) = 6 + i + 55 - 2*i - 73. Give x(u).
2
Let p(o) = 120*o - 379*o + 121*o + 6*o**2 + 135*o - 5. Give p(4).
79
Suppose 5*l - 20 = 0, 3*u - 77 - 32 = -4*l. Let j(w) = -2*w - u + 37 + 3*w. Let x be 2/(-2)*(-4 - -4). What is j(x)?
6
Suppose -10*q - 113 = -13. Let v be (2/4)/(5/q